r of 9 and x.
9
Let m = 328 - 152. Calculate the highest common factor of 66 and m.
22
Let q be (-2)/((4/(-18))/(-1)). Let a be (-2)/q + (-1864)/(-36). Suppose -4*b + a = 3*f - 18, 4*b - 68 = -2*f. What is the greatest common divisor of 112 and b?
16
Let p = 568 + -258. Suppose -p = -5*g + 35. What is the highest common divisor of 23 and g?
23
Suppose 5*a + t = 28 - 2, 5*t = 2*a - 5. Let w be (124/24 - a) + 262/12. What is the greatest common factor of 22 and w?
22
Let k be 0 + 36 + -1 + 1. What is the highest common divisor of k and 9?
9
Let o be (((-16)/3)/4)/(3/(-18)). Let i be 5/((15/3)/40). What is the greatest common factor of i and o?
8
Let k(h) = 2*h + 10. Let b be k(1). Calculate the greatest common divisor of 3 and b.
3
Let g be ((-2)/(-4))/((-5)/10). Let m be 1 + -1 + g - -16. Suppose -s + 9 = 2*s. Calculate the greatest common divisor of m and s.
3
Suppose 3 = -u, 2*s + 6*u - u - 41 = 0. What is the greatest common factor of 21 and s?
7
Let z(j) = j**2 + 11*j - 76. Let o be z(-20). What is the greatest common divisor of o and 40?
8
Let o be (30/8)/((-1)/(-4)). Let w(g) = -56 + 9*g - 2*g**2 + g**2 + 46. Let p be w(5). Calculate the highest common divisor of o and p.
5
Let d be 86/4 + 9/18. Suppose 4*m + 2 = d. Suppose i = m*i - 28. What is the greatest common divisor of i and 49?
7
Let m(y) = 10*y - 69. Let q be m(10). Calculate the greatest common factor of q and 279.
31
Let z be ((-27)/(-1))/(-9*7/(-168)). Calculate the greatest common factor of 180 and z.
36
Let s(x) = x**3 + 30*x**2 + 48*x + 55. Let r be s(-28). What is the greatest common divisor of 124 and r?
31
Let k(b) = 11*b**2 + 25*b - 43. Let o be k(-5). Calculate the highest common factor of o and 1.
1
Let k be ((-3498)/212)/(2 + (-70)/32). What is the highest common factor of k and 220?
44
Let p(d) = -d + 2. Let v be p(-3). Let c(r) = -3 - 2*r - v*r**2 + 6*r**2 + 3*r**2. Let s be c(3). What is the highest common divisor of s and 3?
3
Let y(w) = w**3 + 14*w**2 - 36*w + 34. Let m be y(-16). Calculate the greatest common factor of m and 1666.
98
Suppose -24 = -5*m - 4. Suppose -m*y + 22 + 2 = 0. Suppose 11 = 5*z - 79. What is the greatest common divisor of z and y?
6
Suppose 197 = 5*j + 4*d - d, -5*j = -2*d - 177. Let y = j + -15. Let a = -115 - -170. What is the greatest common factor of y and a?
11
Let d(s) = -62*s - 2. Let b be 9/2 + 12/24. Suppose b*n - 2 + 7 = 0. Let r be d(n). Calculate the highest common divisor of r and 12.
12
Let u = 1123 + -1090. Calculate the highest common factor of u and 33.
33
Let k(u) = -7*u + 5. Let o(r) = 7*r - 6. Let c(f) = 3*k(f) + 4*o(f). Let t be c(7). Calculate the highest common factor of t and 16.
8
Suppose -3*a - 4*j = -6*a + 150, -5*j = 4*a - 169. Let s = -267 - -290. Calculate the highest common factor of a and s.
23
Suppose 3*j - 12 = -0*j. Suppose 0 = w - 4*i, 3*w - 60 = w - j*i. Let g be (w/3)/(14/21). What is the highest common divisor of g and 30?
10
Let a(h) = h**3 + 18*h**2 - 18*h - 24. Let r be a(-12). Suppose -6*d - r = -10*d. Calculate the greatest common divisor of d and 24.
24
Let d be 6/(-30)*-5*2*76. What is the highest common factor of 19 and d?
19
Suppose 13*t + t - 3304 = 0. What is the greatest common divisor of t and 177?
59
Suppose 5*n + 4*x = 50, n = -3*x + 4*x + 10. Let j = 646 - 596. What is the highest common divisor of n and j?
10
Suppose 209*u - 200*u = 6561. What is the highest common factor of 81 and u?
81
Let h(b) = 30*b - 125. Let u be h(6). What is the highest common factor of 33 and u?
11
Let k(w) = -17*w - 13. Let x be 3/2*(-28 - -18). Let p be k(x). Calculate the highest common factor of 22 and p.
22
Suppose -3*v + 0*v + 60 = 0. Suppose 3*o - 211 = 731. Suppose 0 = -h - 94 + o. What is the highest common factor of h and v?
20
Let l be (-552)/(-68) - (-14)/(-119). What is the highest common factor of l and 84?
4
Suppose -9*r = -4*r - 2560. What is the greatest common divisor of 16 and r?
16
Suppose -2*z = -70 - 68. Calculate the highest common divisor of 3 and z.
3
Suppose -13*w = 35*w - 1248. What is the greatest common factor of w and 1417?
13
Let a = -217 + 340. Let s = 175 - a. Suppose 4*y - 2*l - s = 0, 4*y - 3*l - 40 = 8. Calculate the highest common divisor of y and 60.
15
Suppose 30 = -0*c + 3*c. Let h be 805/c + (-2)/4. What is the highest common factor of h and 10?
10
Suppose -3*n - o = -0*o - 30, -n = -2*o - 17. Let f(i) = -11*i - 836. Let j be f(-78). Calculate the greatest common divisor of n and j.
11
Let x = -851 - -858. What is the highest common factor of 749 and x?
7
Let m(n) = -n**3 + 11*n**2 + 26*n + 2. Let f be m(13). Suppose f*p = 10 + 26. Calculate the greatest common divisor of p and 90.
18
Let z be (16/(-20))/((-3)/(-15)). Let p(t) = -6*t - 4. Let d be p(z). Let a = 41 - -19. What is the greatest common factor of a and d?
20
Let l be 1348/6 - ((-99)/(-27) + -3). Calculate the highest common factor of l and 32.
32
Suppose 14*z + 2 - 786 = 0. Suppose -s = 2*q - 1 - 3, -4*s + 42 = -5*q. What is the greatest common divisor of z and s?
8
Let h be -1 + -7 + (42 - 30). Calculate the highest common factor of 524 and h.
4
Suppose -j + 3*n = 5*n - 6, 0 = 5*j + 2*n - 38. Let u = j - 1. Suppose -4*b = 3*w - 17, w + 4*b - 5*b - 8 = 0. Calculate the highest common factor of u and w.
7
Suppose 16 = -4*l, -3*n + 4*n - 5*l = 100. Suppose -2*a + 6*a = n. What is the highest common factor of 180 and a?
20
Let j(x) = -2*x**3 + 12*x**2 + 54*x + 16. Let c be j(8). Calculate the highest common divisor of 6 and c.
6
Let w be ((-1)/(-1) + -2)*0. Suppose 4*u = -w*u + t + 11, 9 = -3*t. Suppose -483*v - 126 = -492*v. What is the greatest common divisor of u and v?
2
Suppose -4*b - 16 = -2*o - 10, -3*b + 34 = 2*o. What is the highest common factor of 121 and o?
11
Let p(d) = 2*d**3 - 15*d**2 - 16*d - 15. Let v be p(11). Calculate the greatest common factor of 41 and v.
41
Let k(c) = -82*c - 42. Let g be k(-6). Let o = g - 197. Calculate the greatest common divisor of 11 and o.
11
Let f(c) = 13*c + 4. Let s be f(4). Suppose -2 = 2*j - s. Let b be (-184)/(-10) - (1 - 6/10). Calculate the greatest common divisor of b and j.
9
Let t be 42/18*-3 - -197. What is the greatest common divisor of 152 and t?
38
Suppose 0 = -2*z - 8*z + 170. Calculate the highest common divisor of 272 and z.
17
Let b = -960 - -976. What is the greatest common factor of b and 1024?
16
Suppose 4 = 5*u - 6, -3*t - 4 = -5*u. Suppose -a - 2*s = -22, -t*a + 5*a = 2*s + 66. What is the greatest common divisor of 110 and a?
22
Suppose 0 = -5*b - 3*b + 96. Suppose b = n + 2. What is the greatest common factor of n and 90?
10
Let t = -288 + 330. Calculate the greatest common divisor of t and 18.
6
Let z = -624 + 647. What is the highest common divisor of z and 184?
23
Let l(w) = w**2 - 3*w. Let z be l(3). Suppose g - 4*m - 36 = z, -4*g - 2*m + 93 = -m. Calculate the greatest common factor of g and 60.
12
Suppose -2*u = -3*c + 97, 3*c - 2*c = -u + 29. Suppose -12*r + c = -89. What is the highest common factor of 70 and r?
10
Let n(p) = -16*p + 12*p + 11 + 6*p. Let o be n(5). Suppose 2*z - 4*a - 370 = 0, -z + 197 = 3*a + a. What is the greatest common factor of z and o?
21
Let q be 1/2 - (-53)/(-2). Let n = 44 + q. Let o = -361 + 373. Calculate the highest common factor of o and n.
6
Suppose 3*d + 2*i - 49 = -0*i, 0 = 5*d - 5*i - 40. Let o be (1/2 + 2)/(d/156). What is the highest common factor of o and 20?
10
Let j(z) be the first derivative of -z**4/4 + 13*z**3/3 - 11*z**2/2 + 16*z + 5. Let l be j(12). Calculate the greatest common divisor of l and 4.
4
Let s = 155 + -151. Suppose -x + 11 = -41. Calculate the highest common factor of x and s.
4
Suppose i = 6 - 3. Calculate the greatest common divisor of 159 and i.
3
Suppose 4*a - m + 1 - 17 = 0, 0 = -2*a - 4*m + 8. Calculate the greatest common factor of a and 164.
4
Let m(r) = r**3 + 15*r**2 + 23*r + 17. Let a be m(-10). Calculate the greatest common factor of a and 246.
41
Let x(t) = -5*t. Let l be 1/(0 - (4 - 3)). Let n be x(l). Suppose 0 = -h - 7 + 17. Calculate the greatest common factor of h and n.
5
Suppose -2*g - 3*z - 8 = z, -2*g - 8 = -3*z. Let s be g/(-3)*(-3 - -12). What is the highest common factor of s and 8?
4
Let t(c) = 15*c - 291. Let l be t(25). Calculate the greates